= -6889 + 13546. What is the tens digit of y?
5
Let i(w) = -w**2 + 10*w. Let n be i(5). Suppose -26*m = -n*m. Suppose 4 = -2*o - m, -2*k + 4*o = -120. What is the units digit of k?
6
What is the tens digit of 3/(-24)*-8 + (10251 - (6 + -4))?
5
Suppose 3*k - 6*h + 2*h = 6868, -20 = -4*h. Let t = k - 1301. What is the hundreds digit of t?
9
Suppose 5*k - 3*k - 383338 = -5*b, -4*k + 36 = 0. What is the tens digit of b?
6
Suppose -96988 - 31250 = -29*l. What is the hundreds digit of l?
4
Let u(w) = 15*w - 7. Let m be 1/2*0 - 15. Let y be (-50)/m*(-6)/(-4). What is the tens digit of u(y)?
6
Let w be ((-776)/10)/(20/(-25) - -1). Let f = -22 - w. What is the units digit of f?
6
Let v(m) = -3 + 7 - 16 - 2 - 76*m. Let z be v(-4). Suppose 3*r - 2*t + 3*t - z = 0, -3*t + 6 = 0. What is the tens digit of r?
9
Suppose 30 = -6*r + r. Let b be 11/1*(r + 4 + 1). What is the units digit of 2/b + 13/(143/68)?
6
Let j = -6 - -7. Let a(y) = y**2 + 2*y. Let x be a(j). Suppose 5*i - 4*o - 474 = 0, x*i + 0*i - 314 = -5*o. What is the units digit of i?
8
Let z(o) be the third derivative of 3*o**6/5 + 3*o**5/10 - 37*o**4/24 + 5*o**3/6 - 30*o**2. What is the hundreds digit of z(2)?
5
Suppose 1 + 15 = 4*o. Suppose -o*i + 7 = -1, 5*m + 5*i - 10 = 0. Suppose -7*j + 38 + 11 = m. What is the units digit of j?
7
Let w be ((153 - 1) + -1)/1. Suppose -155*m = -w*m - 2856. What is the hundreds digit of m?
7
Suppose -2*k + 30 = 2*r - 60, 5*k = -2*r + 105. Suppose r*m = 26*m + 5334. What is the tens digit of m?
8
Suppose -56*j + 9 = -53*j. Suppose -w = 8*p - 5*p - 23, j*p - 4*w - 13 = 0. Suppose 63 = p*k - 959. What is the units digit of k?
6
Let q = -170 + -3755. What is the units digit of q/((-15)/3) + -7?
8
Suppose -7*q + 2*q + 5*o - 35 = 0, 0 = -q - 5*o + 17. Suppose 0 = 5*v + 2 + 3. What is the units digit of (v + 86/q)/(10/(-30))?
9
Let y(o) = -o**3 - 5*o**2 + 3*o + 748. Let d be -1 + 3/(2 + 1). What is the hundreds digit of y(d)?
7
Let q = -33 + 33. Suppose l + q = -4. Let w(f) = 2*f**2 - 6*f - 5. What is the tens digit of w(l)?
5
Let g(o) = 356*o - 111. Let j be g(4). Let z = j - -91. What is the tens digit of z?
0
Let d = -58 - -62. Suppose -1 + 97 = d*a + 4*m, 2*a = 5*m + 20. Suppose a*u = 19*u + 101. What is the tens digit of u?
0
Suppose -2*m = -0*m + 144. Let g = 66 + m. Let w(j) = -22*j - 36. What is the units digit of w(g)?
6
Let n(l) = -50*l - 199. Let a be n(-4). Let k(i) = -1 - i - 1 + 112*i**2 + 1. What is the hundreds digit of k(a)?
1
Let f(v) = 13*v**3 + 3*v**2 + 18*v + 19. Let k(p) = -6*p**3 - p**2 - 9*p - 9. Let j(n) = 2*f(n) + 5*k(n). What is the tens digit of j(-3)?
3
Let s be (-16368)/(-90) - (-2)/15. What is the tens digit of (s/(-35))/((-2)/190)?
9
Let b = -878 + 4286. Suppose 5*k - b = -19*k. What is the hundreds digit of k?
1
Let x = -927 + 3253. What is the hundreds digit of x?
3
Suppose -11 = 9*m + 151. What is the units digit of (-122)/4*-15 - m/12?
9
Suppose -3*o - 4*d = 63, 4*o = -2*d - d - 77. Let l = o - -174. Let k = 300 - l. What is the hundreds digit of k?
1
Let f = -152 - -154. Suppose 2*l = -f*b - 111 + 417, l + 5*b - 153 = 0. What is the units digit of l?
3
Suppose -15*f + 980 = -13*f. Suppose 10*x - f = -0*x. What is the tens digit of x?
4
Let g(z) = -z**3 + 11*z**2 + 4*z - 8. Let x be g(11). Let a be (x/54)/(4/18). Suppose -2*o + c + 185 = 0, 0 = -c + a*c + 10. What is the units digit of o?
0
Let s(n) = 114*n**2 + 11*n - 419. What is the units digit of s(-18)?
9
Let l(i) = -i + 59. Let m be l(0). Suppose -38 = 3*t - m. Suppose -d - 288 = -t*d. What is the tens digit of d?
4
Let t = -77 - -189. Let g = t - 66. Suppose 0 = 2*i - 3*i + g. What is the units digit of i?
6
What is the ten thousands digit of 4/12 - (-12 + 260648/(-12))?
2
Let a(y) = -11*y**3 - 4*y**2 + 113*y + 700. What is the ten thousands digit of a(-15)?
3
Let o(j) = 2*j**2 - 17*j - 1. Let v be o(9). Suppose v*w = 48*w - 37920. What is the hundreds digit of w?
9
What is the tens digit of -19 - (-126)/14 - -921?
1
Suppose -10*i = -13 - 7. Let w be (-119 - -4)*(21/15 - i). Let d = -55 + w. What is the units digit of d?
4
Let c = 111 + -21. Suppose 2*q = -3*q - 10. Let o = c - q. What is the tens digit of o?
9
Let f(c) = c**3 - 18*c**2 + 16*c + 22. Let h(n) = -2*n**2 - 25*n + 5. Let q be h(-12). Let o be f(q). Suppose 24*g = 25*g - o. What is the units digit of g?
5
Let o(i) = -4*i**3 - 8*i**2 + 9*i + 3. Let f(p) = -p + 4*p**2 + p**3 - 1 - 10*p**2 + 0*p + 5*p**2. Let b(c) = -3*f(c) - o(c). What is the units digit of b(-11)?
6
Let m(z) = -2. Let a(w) = -11*w + 23. Let s(f) = -2*a(f) - 14*m(f). What is the units digit of s(3)?
8
Suppose 4*y = 4*m + 334692, 126*m + 12 = 130*m. What is the thousands digit of y?
3
Suppose 46*d - 64 = 14*d. Suppose 10 = -d*u, -2*u = -l - 2*l + 5746. What is the hundreds digit of l?
9
Let c(p) = 30*p**2 - 5*p - 32. Let f be c(-5). Let x = -545 + f. What is the units digit of x?
8
Let y = -22685 + 33448. What is the tens digit of y?
6
Let d = -267 + 270. Let s(y) be the first derivative of 25*y**3/3 - y**2/2 - 3*y + 1. What is the units digit of s(d)?
9
Let o(b) = -39*b + 18. Let r be o(-17). Let j = -561 + r. What is the units digit of j?
0
Let f(n) = -20*n + 5308. What is the thousands digit of f(70)?
3
Suppose u = 5*p - 0*u - 16, -3*p + u + 8 = 0. Let l be 1*-2*(p + (-2195)/10). Suppose 4*t - 153 - l = 0. What is the tens digit of t?
4
Let l(h) = 6*h**2 - 31*h - 181. What is the thousands digit of l(-22)?
3
Let m be 10*((-210)/(-25))/7. Suppose c - 6656 = -m*c. What is the hundreds digit of c?
5
Let u be 12/16*4520/15. Suppose o + 5*d - u = 0, 3*o - 463 = o + d. What is the tens digit of o?
3
Let a(h) = h**3 - 14*h**2 + 26*h - 7. Let j(k) = -k**3 + 10*k**2 - 6*k - 13. Let n be j(9). What is the tens digit of a(n)?
5
Let j = 158 - -2. Let f = -152 + j. What is the units digit of f?
8
What is the ten thousands digit of (2/(-12))/((-1)/(-3)) + (-1442352)/(-96)?
1
Let t(r) = 2116*r + 185. What is the units digit of t(1)?
1
Suppose -4*q = -q - 12. Let v be q/26 + (-1701)/(-13) + -5. Suppose 11*h - v = 9*h. What is the tens digit of h?
6
Suppose 0 = -24*a + 374420 - 108164. What is the thousands digit of a?
1
Let i(w) = 5*w**3 - 19*w**2 + 11*w + 23. Let k be i(7). Let b = k + -594. What is the units digit of b?
0
Suppose -17*q + 12 = -16*q. What is the tens digit of q/56*-2 + 2089/7?
9
Let l(n) = 2*n**2 - 10*n - 162. What is the hundreds digit of l(-16)?
5
Suppose 366*w - 360*w + 30 = 0. Let j(m) = 45*m**2 + 8*m + 40. What is the hundreds digit of j(w)?
1
Let r = 11223 + -11068. Let i(q) = q**3 + 2*q**2 + q + 1. Let k be i(2). Let t = r + k. What is the units digit of t?
4
Suppose -2*i = -2*s - 7682, -11527 = -3*i + 9*s - 5*s. What is the thousands digit of i?
3
Let q = 4369 + -4375. Let j(f) = -6 + 4*f + 15 - 36*f. What is the tens digit of j(q)?
0
Suppose 3*p - 42437 = -4*t, 15*p - 2*t - 14149 = 14*p. What is the tens digit of p?
4
Let p = 100 + -50. Let v = -45 + p. Suppose 0 = -3*a + 6*b - 2*b + 48, 0 = -v*a - 5*b + 115. What is the tens digit of a?
2
Let l(x) = -3*x**2 - 49*x - 5. Suppose -15 = 3*c + 2*w, 3*c + 5*w = -0 - 6. What is the hundreds digit of l(c)?
1
Let a(x) = 2625*x**3 - 5*x**2 + 12*x - 6. What is the units digit of a(1)?
6
Let i(b) = -2*b**3 - 8*b**2 + 90*b + 113. What is the tens digit of i(-13)?
8
Let m(k) = -3*k**2 + 25*k - 6. Let w be m(8). Suppose -3*u = -w*u + 1, -3*u - 3161 = -2*t. What is the units digit of t?
9
Let a(w) = 17*w**2 - 4*w + 3. Let f be a(3). Let i(s) = s**3 - 21*s**2 - 2*s + 47. Let t be i(21). Let l = f - t. What is the tens digit of l?
3
Let l = -67660 + 141508. What is the units digit of l?
8
Let r(u) = 5927*u**2 + 44*u. What is the thousands digit of r(1)?
5
Let b(y) = 2*y**3 + 75*y**2 - 3*y - 113. What is the hundreds digit of b(-37)?
3
Suppose -10*f + 5*f = 6*f. Suppose 0 = 2*y - f*n + n + 13, -y - 19 = 3*n. Let m(z) = 5*z**2 - 11*z - 3. What is the tens digit of m(y)?
2
Let c(l) = l**3 + 5*l**2 + 5*l + 1. Let o be c(-4). Let d(j) = 0*j**2 - 16 - j + 8 + 3*j**2 + 14. What is the units digit of d(o)?
6
Suppose 0 = -47*k + 84151 + 956993. What is the thousands digit of k?
2
Suppose 54*z = -3*m + 50*z + 84754, 2*z + 113042 = 4*m. What is the tens digit of m?
5
Suppose -1489 - 1389 = -3*z - 4*p, -2*p = 4